13311
In base 3, what is 10 + -2210222?
-2210212
In base 5, what is 121310203 + 10?
121310213
In base 2, what is -111000100110 - -1001?
-111000011101
In base 14, what is -2206 + -3?
-2209
In base 4, what is 2000 + 213?
2213
In base 7, what is -3 - -21124?
21121
In base 12, what is 7 + -63a2?
-6397
In base 9, what is -433780 - 0?
-433780
In base 16, what is 4 - 70b70?
-70b6c
In base 4, what is -213 + 132123?
131310
In base 14, what is -5 + -a6ccc?
-a6cd3
In base 5, what is 4 + -22231?
-22222
In base 7, what is -52 - 40166?
-40251
In base 6, what is -4 + -334505?
-334513
In base 10, what is 27142 + 6?
27148
In base 14, what is 1597a - 12?
15968
In base 4, what is -2320320 + -130?
-2321110
In base 13, what is 3 - c2ac?
-c2a9
In base 15, what is -91 + 44e?
3ad
In base 4, what is 1021 - -3320?
11001
In base 3, what is 1221221201 + -222?
1221220202
In base 16, what is -1 - -1bda?
1bd9
In base 14, what is 9b24 + 0?
9b24
In base 9, what is 606 - 613?
-6
In base 14, what is -b0d + 7?
-b06
In base 3, what is 22020102012 + 10?
22020102022
In base 8, what is 14 + 554752?
554766
In base 6, what is -132320111 - 1?
-132320112
In base 4, what is -20311223012 + -10?
-20311223022
In base 10, what is 3 + -5481?
-5478
In base 2, what is 10111110110010110101 + -1?
10111110110010110100
In base 15, what is -3 - 40d6c?
-40d70
In base 13, what is 57 - -1a86?
1b10
In base 9, what is 1522 + -4?
1517
In base 4, what is 32 + -2111001?
-2110303
In base 2, what is -11011011101 - 1111?
-11011101100
In base 13, what is 6 - 1944c?
-19446
In base 4, what is -11221022321 + -3?
-11221022330
In base 12, what is 291 - -73b?
a10
In base 16, what is 5bc + 0?
5bc
In base 12, what is 1b6 - -24?
21a
In base 13, what is -b68 + 24?
-b44
In base 3, what is 11201010021120 - 0?
11201010021120
In base 6, what is -11 - -12035?
12024
In base 3, what is -1202 - -1201201001?
1201122022
In base 15, what is -26 + 8b5e?
8b38
In base 14, what is -83 - 78?
-11b
In base 14, what is 22ad1 - -5?
22ad6
In base 3, what is -210010 - 2121?
-212201
In base 15, what is ed - -64?
162
In base 13, what is -229 - -831?
605
In base 8, what is -4040 + 544?
-3274
In base 11, what is -28912 - 1?
-28913
In base 15, what is -3 + -5a2b?
-5a2e
In base 2, what is 1111100110110 + -1110?
1111100101000
In base 15, what is 8a4 - 13?
891
In base 2, what is -1110 - -1100110110111000?
1100110110101010
In base 2, what is -11000001 - -1011?
-10110110
In base 16, what is -3 + -71c9?
-71cc
In base 14, what is 1 + 53581?
53582
In base 2, what is -10111101111100 - -1001010?
-10111100110010
In base 15, what is -29a89 + 4?
-29a85
In base 7, what is 3 + 2040321?
2040324
In base 5, what is -1104423 + -120?
-1110043
In base 15, what is -21 - -b8?
97
In base 14, what is -1 - -21192?
21191
In base 12, what is -232 - -64?
-18a
In base 3, what is 2002212 + -12?
2002200
In base 5, what is 24323 + 1124?
31002
In base 15, what is -5 + -7260?
-7265
In base 2, what is 1111011011111111 - 1001?
1111011011110110
In base 14, what is -1 + 4916?
4915
In base 11, what is 107a + -33?
1047
In base 14, what is -16 + 1d864?
1d84c
In base 15, what is 19b9a + -b?
19b8e
In base 16, what is 447 - -7?
44e
In base 12, what is b + 73a?
749
In base 9, what is -2707153 - 0?
-2707153
In base 3, what is -122102102201 - 20?
-122102102221
In base 8, what is 2174 + 23?
2217
In base 2, what is -1101001010011001111001 - 0?
-1101001010011001111001
In base 12, what is 0 - 4b91aa?
-4b91aa
In base 12, what is -b7 - 724?
-81b
In base 2, what is 1110000001011 + -1111111?
1101110001100
In base 3, what is 22 - -202221021?
202221120
In base 15, what is d74b - 3?
d748
In base 3, what is -101 - -1110001?
1102200
In base 10, what is -1584 + 131?
-1453
In base 2, what is -11 - 1001110000?
-1001110011
In base 14, what is -48 + -d1?
-139
In base 6, what is 3 + -4321?
-4314
In base 7, what is 26 + 6243?
6302
In base 8, what is 321510 + -50?
321440
In base 7, what is 1214565 + -1?
1214564
In base 9, what is -7674 - 10?
-7684
In base 5, what is 233 + 4012?
4300
In base 13, what is -5 - -53?
4b
In base 4, what is -13222 - 1112?
-21000
In base 10, what is -267 - -713?
446
In base 11, what is 52724 - 2?
52722
In base 8, what is -1 + -226263?
-226264
In base 11, what is 23 - 58874?
-58851
In base 9, what is 2631 - 58?
2562
In base 9, what is -8145 - -152?
-7883
In base 10, what is 4 - 66858?
-66854
In base 16, what is -28359 + -1?
-2835a
In base 9, what is -43305 - 74?
-43380
In base 4, what is 20001 + -200?
13201
In base 10, what is 655 - 8?
647
In base 13, what is -228cb + -19?
-22917
In base 13, what is 17 + -4172?
-4158
In base 12, what is 27a + 52?
310
In base 8, what is 0 - 52137?
-52137
In base 16, what is -64e7 - -13?
-64d4
In base 9, what is 107825 - 4?
107821
In base 5, what is -1022140 - -10?
-1022130
In base 12, what is 3b - 153?
-114
In base 13, what is -11 + 3087?
3076
In base 11, what is -50 + -2901?
-2951
In base 11, what is -128 - 81?
-1a9
In base 11, what is a + 68443?
68452
In base 11, what is 137aaa - 4?
137aa6
In base 6, what is 1501455 - 1?
1501454
In base 13, what is 278960 + 0?
278960
In base 13, what is 56c + -c1?
47b
In base 15, what is 3 + 350da?
350dd
In base 6, what is -42 + -13522?
-14004
In base 16, what is 2bc6 - -5?
2bcb
In base 16, what is -b5 - 1418?
-14cd
In base 6, what is 4450452 + 13?
4450505
In base 9, what is 5314 + 32?
5346
In base 12, what is -287800 + -3?
-287803
In base 2, what is 1001011101 + 101?
1001100010
In base 8, what is -63066 - -36?
-63030
In base 13, what is 86 + -131?
-78
In base 10, what is 1750 - 27?
1723
In base 5, what is 10 - 3014213?
-3014203
In base 11, what is -4 + -135979?
-135982
In base 3, what is -12211002 - 1112?
-12212121
In base 7, what is 1310 + -65?
1212
In base 3, what is -1 - -220212111210?
220212111202
In base 4, what is 22210 - -230?
23100
In base 13, what is 5866 - -9?
5872
In base 5, what is 311 + 14021?
14332
In base 6, what is -12352022 + 1?
-12352021
In base 16, what is 0 - -1b9f?
1b9f
In base 7, what is -1113536 - 1?
-1113540
In base 8, what is -563 - 11413?
-12176
In base 11, what is 59 - -349a?
3548
In base 12, what is 2b8 - -8?
304
In base 10, what is -113 - 2050?
-2163
In base 13, what is 1caa5 + -b?
1ca97
In base 5, what is 4 - 2220121?
-2220112
In base 10, what is -493878 + 4?
-493874
In base 13, what is -7790 - 0?
-7790
In base 9, what is 1 - -22032?
22033
In base 7, what is -232552 - 136?
-233021
In base 12, what is 986b + -18?
9853
In base 7, what is 33446 + 10?
33456
In base 16, what is -3b + 23b4?
2379
In base 5, what is -3340104 + 11?
-3340043
In base 16, what is 35 + 12e7?
131c
In base 13, what is a92 - 8?
a87
In base 16, what is 2 - 6143?
-6141
In base 4, what is -23003200 + -320?
-23010120
In base 7, what is -3 + -5300326?
-5300332
In base 16, what is -1e - 3988?
-39a6
In base 9, what is -5 - 2306?
-2312
In base 6, what is -2034 - -2504?
430
In base 4, what is -3 - -3211131?
3211122
In base 14, what is -2433c - 5?
-24343
In base 15, what is 30 + -1cd1?
-1ca1
In base 6, what is -3300103 + -2?
-3300105
In base 6, what is -124 + -4230?
-4354
In base 11, what is 60244 + -1?
60243
In base 2, what is -110001001 - -10101111?
-11011010
In base 9, what is 3 + -148?
-145
In base 4, what is -1 + -1230300?
-1230301
In base 5, what is 1324 - -4004?
10333
In base 4, what is -120 - -3103102?
3102322
In base 3, what is -1212201112 + 20?
-1212201022
In base 7, what is 1640 + 446?
2416
In base 2, what is 1111011010 + -10011?
1111000111
In base 8, what is 2240110 - 0?
2240110
In base 6, what is -215102 + 4?
-215054
In base 14, what is c - -5838?
5846
In base 5, what is 4 - -122210?
122214
In base 3, what is -102 - 122001021?
-122001200
In base 13, what is 11 - -53a?
54b
In base 4, what is -13120021 - 0?
-13120021
In base 6, what is 112411 - -10?
112421
In base 12, what is -2 + 2752?
2750
In base 12, what is 223 - 4502?
-429b
In base 9, what is -477017 - 3?
-477021
In base 6, what is -20 + 35513?
35453
In base 2, what is 10111 - -1110110?
10001101
In base 12, what is -20554 + -39?
-20591
In base 7, what is -32 + 25663?
25631
In base 8, what is 26 + -12167?
-12141
In base 11, what is a08 - 250?
768
In base 5, what is 2 - -123130213?
123130220
In base 12, what is 300946 + 1?
300947
In base 15, what is -2d9d1 - -4?
-2d